{"id":9891,"date":"2024-10-18T16:24:25","date_gmt":"2024-10-18T16:24:25","guid":{"rendered":"https:\/\/cuyodigital.com\/cuyo\/?post_type=product&#038;p=9891"},"modified":"2025-04-22T16:45:04","modified_gmt":"2025-04-22T16:45:04","slug":"jbl-go3","status":"publish","type":"product","link":"https:\/\/cuyodigital.com\/cuyo\/producto\/jbl-go3\/","title":{"rendered":"JBL Go 3"},"content":{"rendered":"<h3>Descripci\u00f3n del producto<\/h3>\n<div class=\"accordion-content\">\n<div class=\"spec-row\"><span class=\"spec-key -full\">El JBL Go 3 presenta un estilo llamativo y un sonido JBL Pro pleno y sofisticado. Con su llamativo nuevo dise\u00f1o vanguardista, tejidos coloridos y detalles expresivos, es el accesorio imprescindible para tu pr\u00f3xima salida. Vibrar\u00e1s al son de tu m\u00fasica con el sonido JBL Pro. Resistente al polvo y al agua conforme a la norma\u00a0IP67, para que puedas seguir disfrutando llueva o haga sol, y con su asa integrada para que puedas llevarlo a cualquier parte. El Go 3 viene en tonos y combinaciones de colores completamente nuevos inspirados en la actual moda urbana. El JBL Go 3 tiene una apariencia tan v\u00edvida como su calidad de sonido.<\/span><\/div>\n<div>\n<div class=\"spec-accordion -active\">\n<h3>Caracter\u00edsticas generales<\/h3>\n<div class=\"accordion-content\">\n<div class=\"spec-row\"><span class=\"spec-key\">Potencia de salida <\/span><span class=\"spec-value\">4.2<\/span><\/div>\n<\/div>\n<\/div>\n<div class=\"spec-accordion -active\">\n<h3>Caracter\u00edsticas Audio<\/h3>\n<div class=\"accordion-content\">\n<div class=\"spec-row\"><span class=\"spec-key\">Respuesta de frecuencia din\u00e1mica <\/span><span class=\"spec-value\">110 Hz &#8211; 20 kHz<\/span><\/div>\n<\/div>\n<\/div>\n<div class=\"spec-accordion -active\">\n<h3>Medidas<\/h3>\n<div class=\"accordion-content\">\n<div class=\"spec-row\"><span class=\"spec-key\">Dimensiones (cm) <\/span><span class=\"spec-value\">8.6 x 6.9 x 4.0<\/span><\/div>\n<div class=\"spec-row\"><span class=\"spec-key\">Dimensiones (in) <\/span><span class=\"spec-value\">3.4 x 2.7 x 1.6<\/span><\/div>\n<div class=\"spec-row\"><span class=\"spec-key\">Weight (kgs) <\/span><span class=\"spec-value\">0.209<\/span><\/div>\n<div class=\"spec-row\"><span class=\"spec-key\">Weight (lbs) <\/span><span class=\"spec-value\">0.46<\/span><\/div>\n<\/div>\n<\/div>\n<div class=\"spec-accordion -active\">\n<h3>Caracter\u00edsticas de control y conexi\u00f3n<\/h3>\n<div class=\"accordion-content\">\n<div class=\"spec-row\"><span class=\"spec-key\">Perfiles Bluetooth<\/span><span class=\"spec-value\">A2DP 1.3, AVRCP 1.6<\/span><\/div>\n<div class=\"spec-row\"><span class=\"spec-key\">Rango de frecuencia de transmisi\u00f3n Bluetooth <\/span><span class=\"spec-value\">2402 MHz \u2212 2480 MHz<\/span><\/div>\n<div class=\"spec-row\"><span class=\"spec-key\">Transmisi\u00f3n de modulaci\u00f3n GFSK v\u00eda Bluetooth <\/span><span class=\"spec-value\">GFSK, \u03c0\/4 DQPSK, 8DPSK<\/span><\/div>\n<div class=\"spec-row\"><span class=\"spec-key\">Potencia de transmisi\u00f3n Bluetooth<\/span><span class=\"spec-value\">\u2264 8 dBm (EIRP)<\/span><\/div>\n<div class=\"spec-row\"><span class=\"spec-key\">Versi\u00f3n Bluetooth <\/span><span class=\"spec-value\">5.1<\/span><\/div>\n<\/div>\n<\/div>\n<div class=\"spec-accordion -active\">\n<h3>Bater\u00eda<\/h3>\n<div class=\"accordion-content\">\n<div class=\"spec-row\"><span class=\"spec-key\">Charging time (hrs) <\/span><span class=\"spec-value\">2.5<\/span><\/div>\n<div class=\"spec-row\"><span class=\"spec-key\">Tiempo de reproducci\u00f3n de musica <\/span><span class=\"spec-value\">5<\/span><\/div>\n<\/div>\n<\/div>\n<div class=\"spec-accordion -active\">\n<h3>Caracter\u00edsticas<\/h3>\n<div class=\"accordion-content\">\n<div class=\"spec-row\"><span class=\"spec-key\">Bluetooth: <\/span><span class=\"spec-value\">S\u00ed<\/span><\/div>\n<div class=\"spec-row\"><span class=\"spec-key\">Charging cable: <\/span><span class=\"spec-value\">S\u00ed<\/span><\/div>\n<div class=\"spec-row\"><span class=\"spec-key\">A prueba de agua: <\/span><span class=\"spec-value\">S\u00ed<\/span><\/div>\n<div class=\"spec-row\"><span class=\"spec-key\">Wireless: <\/span><span class=\"spec-value\">S\u00ed<\/span><\/div>\n<div class=\"spec-row\"><span class=\"spec-key\">Bater\u00eda recargable: <\/span><span class=\"spec-value\">S\u00ed<\/span><\/div>\n<div class=\"spec-row\"><span class=\"spec-key\">Certificaci\u00f3n IPX<\/span><span class=\"spec-value\">IP67<\/span><\/div>\n<\/div>\n<\/div>\n<\/div>\n<\/div>\n","protected":false},"excerpt":{"rendered":"<p><strong><span style=\"color: #000000\"><span style=\"color: #ff0000\">Efectivo o Transferencia 15% OFF <\/span><\/span><\/strong><strong><span style=\"color: #000000\"><span style=\"color: #ff0000\"><span style=\"color: #000000\"><span style=\"color: #ff0000\">$75.399<\/span><\/span><\/span><\/span><span style=\"color: #000000\"><span style=\"color: #ff0000\"><span style=\"color: #000000\"><br \/>\nHasta 3 Cuotas SIN INTER\u00c9S DE\u00a0\u00a0<\/span><\/span><\/span><\/strong><strong><span style=\"color: #000000\"><span style=\"color: #ff0000\"><span style=\"color: #000000\">$28.902<\/span><\/span><\/span><\/strong><\/p>\n","protected":false},"featured_media":9892,"comment_status":"open","ping_status":"closed","template":"","meta":[],"product_cat":[129,150],"product_tag":[],"acf":[],"_links":{"self":[{"href":"https:\/\/cuyodigital.com\/cuyo\/wp-json\/wp\/v2\/product\/9891"}],"collection":[{"href":"https:\/\/cuyodigital.com\/cuyo\/wp-json\/wp\/v2\/product"}],"about":[{"href":"https:\/\/cuyodigital.com\/cuyo\/wp-json\/wp\/v2\/types\/product"}],"replies":[{"embeddable":true,"href":"https:\/\/cuyodigital.com\/cuyo\/wp-json\/wp\/v2\/comments?post=9891"}],"wp:featuredmedia":[{"embeddable":true,"href":"https:\/\/cuyodigital.com\/cuyo\/wp-json\/wp\/v2\/media\/9892"}],"wp:attachment":[{"href":"https:\/\/cuyodigital.com\/cuyo\/wp-json\/wp\/v2\/media?parent=9891"}],"wp:term":[{"taxonomy":"product_cat","embeddable":true,"href":"https:\/\/cuyodigital.com\/cuyo\/wp-json\/wp\/v2\/product_cat?post=9891"},{"taxonomy":"product_tag","embeddable":true,"href":"https:\/\/cuyodigital.com\/cuyo\/wp-json\/wp\/v2\/product_tag?post=9891"}],"curies":[{"name":"wp","href":"https:\/\/api.w.org\/{rel}","templated":true}]}}