{"id":8806,"date":"2023-09-30T13:32:43","date_gmt":"2023-09-30T13:32:43","guid":{"rendered":"https:\/\/cuyodigital.com\/cuyo\/?post_type=product&#038;p=8806"},"modified":"2025-03-22T16:21:29","modified_gmt":"2025-03-22T16:21:29","slug":"gadnic-camara-ck33-kids","status":"publish","type":"product","link":"https:\/\/cuyodigital.com\/cuyo\/producto\/gadnic-camara-ck33-kids\/","title":{"rendered":"Gadnic C\u00e1mara CK33 Kids"},"content":{"rendered":"<p>\u00a1 GADNIC presenta su nueva l\u00ednea de c\u00e1maras Kids!<br \/>\nCaptur\u00e1 momentos con tu c\u00e1mara GADNIC y gener\u00e1 im\u00e1genes realmente espectaculares que podr\u00e1s guardar para siempre.<br \/>\n\u00a1 Ideal para Capturar tus recuerdos !<br \/>\nMejor calidad de imagen con la facilidad de uso de una c\u00e1mara compacta. Atesor\u00e1 tus mejores experiencias tal como las viviste y sin preocupaciones. Gracias a su tama\u00f1o reducido pod\u00e9s transportarla c\u00f3modamente a donde quiera que vayas.<br \/>\nLa calidad de imagen y video mejorada la hacen la mas elegida del mercado.<\/p>\n<h4>Especificaciones<\/h4>\n<div class=\"module-txt\">\n<ul class=\"txt-listado-caracteristicas\">\n<li>Video: VGA 30FPS<\/li>\n<li>Pantalla: Sensor 3MP \/ (GC0308) 2.0\u201cLCD<\/li>\n<li>Time Lapse: S\u00ed<\/li>\n<li>Memoria expandible: 32GB<\/li>\n<li>Rango de Visi\u00f3n: 120<\/li>\n<li>Resoluci\u00f3n de video: 1080<\/li>\n<li>Resoluci\u00f3n de foto: 3MP<\/li>\n<li>Micr\u00f3fono: S\u00ed<\/li>\n<li>Parlante: S\u00ed<\/li>\n<li>Formato de video: AVI<\/li>\n<li>Conectividad: USB 2.0<\/li>\n<li>Lenguajes disponibles: Espa\u00f1ol, Ingl\u00e9s y m\u00e1s.<\/li>\n<li>Capacidad de la Bater\u00eda: 1000 mAh<\/li>\n<li>Voltaje de entrada: 5V<\/li>\n<li>Tama\u00f1o: 8,5 x 5 x 6 cm<\/li>\n<\/ul>\n<\/div>\n","protected":false},"excerpt":{"rendered":"<p><span style=\"color: #000000\"><b>Efectivo<\/b><\/span><\/p>\n<p><span style=\"color: #000000\"><strong>$25.000<\/strong><\/span><\/p>\n","protected":false},"featured_media":8807,"comment_status":"open","ping_status":"closed","template":"","meta":[],"product_cat":[135],"product_tag":[],"acf":[],"_links":{"self":[{"href":"https:\/\/cuyodigital.com\/cuyo\/wp-json\/wp\/v2\/product\/8806"}],"collection":[{"href":"https:\/\/cuyodigital.com\/cuyo\/wp-json\/wp\/v2\/product"}],"about":[{"href":"https:\/\/cuyodigital.com\/cuyo\/wp-json\/wp\/v2\/types\/product"}],"replies":[{"embeddable":true,"href":"https:\/\/cuyodigital.com\/cuyo\/wp-json\/wp\/v2\/comments?post=8806"}],"wp:featuredmedia":[{"embeddable":true,"href":"https:\/\/cuyodigital.com\/cuyo\/wp-json\/wp\/v2\/media\/8807"}],"wp:attachment":[{"href":"https:\/\/cuyodigital.com\/cuyo\/wp-json\/wp\/v2\/media?parent=8806"}],"wp:term":[{"taxonomy":"product_cat","embeddable":true,"href":"https:\/\/cuyodigital.com\/cuyo\/wp-json\/wp\/v2\/product_cat?post=8806"},{"taxonomy":"product_tag","embeddable":true,"href":"https:\/\/cuyodigital.com\/cuyo\/wp-json\/wp\/v2\/product_tag?post=8806"}],"curies":[{"name":"wp","href":"https:\/\/api.w.org\/{rel}","templated":true}]}}