{"id":10723,"date":"2025-10-06T18:59:02","date_gmt":"2025-10-06T18:59:02","guid":{"rendered":"https:\/\/cuyodigital.com\/cuyo\/?post_type=product&#038;p=10723"},"modified":"2026-05-05T14:06:35","modified_gmt":"2026-05-05T14:06:35","slug":"segway-e2-plus-500w","status":"publish","type":"product","link":"https:\/\/cuyodigital.com\/cuyo\/producto\/segway-e2-plus-500w\/","title":{"rendered":"Segway E2 PLUS II 500W"},"content":{"rendered":"<ul>\n<li>25 km\/h M\u00e1x. Velocidad<\/li>\n<li>Hasta 25 km de autonom\u00eda<\/li>\n<li>Potencia m\u00e1x 500W<\/li>\n<li>Hasta un 12% de inclinaci\u00f3n<\/li>\n<li>Suspensi\u00f3n delantera de muelle<\/li>\n<li>Intermitentes incorporados<\/li>\n<li>Neum\u00e1ticos huecos interiores de 8,1 pulgadas (no necesitan mantenimiento)<\/li>\n<li>Cuadro de mandos LED de 2,8 pulgadas<\/li>\n<\/ul>\n","protected":false},"excerpt":{"rendered":"<p>25 km\/h M\u00e1x. Velocidad Hasta 25 km de autonom\u00eda Potencia m\u00e1x 500W Hasta un 12% de inclinaci\u00f3n Suspensi\u00f3n delantera de muelle Intermitentes incorporados Neum\u00e1ticos huecos interiores de 8,1 pulgadas (no necesitan mantenimiento) Cuadro de mandos LED de 2,8 pulgadas<\/p>\n","protected":false},"featured_media":10724,"comment_status":"open","ping_status":"closed","template":"","meta":[],"product_cat":[113,15],"product_tag":[],"acf":[],"_links":{"self":[{"href":"https:\/\/cuyodigital.com\/cuyo\/wp-json\/wp\/v2\/product\/10723"}],"collection":[{"href":"https:\/\/cuyodigital.com\/cuyo\/wp-json\/wp\/v2\/product"}],"about":[{"href":"https:\/\/cuyodigital.com\/cuyo\/wp-json\/wp\/v2\/types\/product"}],"replies":[{"embeddable":true,"href":"https:\/\/cuyodigital.com\/cuyo\/wp-json\/wp\/v2\/comments?post=10723"}],"wp:featuredmedia":[{"embeddable":true,"href":"https:\/\/cuyodigital.com\/cuyo\/wp-json\/wp\/v2\/media\/10724"}],"wp:attachment":[{"href":"https:\/\/cuyodigital.com\/cuyo\/wp-json\/wp\/v2\/media?parent=10723"}],"wp:term":[{"taxonomy":"product_cat","embeddable":true,"href":"https:\/\/cuyodigital.com\/cuyo\/wp-json\/wp\/v2\/product_cat?post=10723"},{"taxonomy":"product_tag","embeddable":true,"href":"https:\/\/cuyodigital.com\/cuyo\/wp-json\/wp\/v2\/product_tag?post=10723"}],"curies":[{"name":"wp","href":"https:\/\/api.w.org\/{rel}","templated":true}]}}