{"id":10689,"date":"2025-09-29T19:09:47","date_gmt":"2025-09-29T19:09:47","guid":{"rendered":"https:\/\/cuyodigital.com\/cuyo\/?post_type=product&#038;p=10689"},"modified":"2026-04-30T14:06:58","modified_gmt":"2026-04-30T14:06:58","slug":"apple-iphone-17-pro-max-256gb","status":"publish","type":"product","link":"https:\/\/cuyodigital.com\/cuyo\/producto\/apple-iphone-17-pro-max-256gb\/","title":{"rendered":"Apple iPhone 17 Pro Max 256GB"},"content":{"rendered":"<p>El\u00a0<strong>Apple iPhone 17 Pro Max<\/strong> se renueva con una pantalla OLED LTPO de 6.9 pulgadas con 120Hz de refresco y el procesador Apple A19 Pro con 12GB de RAM y 256GB de almacenamiento. Su c\u00e1mara posterior est\u00e1 compuesta de tres sensores de 48MP con estabilizaci\u00f3n \u00f3ptica y zoom \u00f3ptico 4x, y se alimenta de una bater\u00eda de 4832 mAh en su variante con ranura para nanoSIM o 5088 mAh con la variante que utiliza eSIM, en ambos casos soportando carga r\u00e1pida inal\u00e1mbrica. El iPhone 17 Pro Max tambi\u00e9n cuenta con parlantes stereo, resistencia al polvo y agua, y llamadas de emergencia satelitales.<\/p>\n<h2>Ficha t\u00e9cnica<\/h2>\n<table class=\"table table-striped\">\n<tbody>\n<tr>\n<td class=\"text-nowrap\">\u00a0<strong>Pantalla<\/strong><\/td>\n<td>6.9&#8243;, 1320 x 2868 pixels<\/td>\n<\/tr>\n<tr>\n<td class=\"text-nowrap\">\u00a0<strong>Procesador<\/strong><\/td>\n<td>Apple A19 Pro<\/td>\n<\/tr>\n<tr>\n<td class=\"text-nowrap\">\u00a0<strong>Memoria RAM<\/strong><\/td>\n<td>12GB<\/td>\n<\/tr>\n<tr>\n<td class=\"text-nowrap\">\u00a0<strong>Almacenamiento<\/strong><\/td>\n<td>256GB<\/td>\n<\/tr>\n<tr>\n<td class=\"text-nowrap\">\u00a0<strong>Expansi\u00f3n<\/strong><\/td>\n<td>sin microSD<\/td>\n<\/tr>\n<tr>\n<td class=\"text-nowrap\">\u00a0<strong>C\u00e1mara<\/strong><\/td>\n<td>Triple, 48MP+48MP +48MP<\/td>\n<\/tr>\n<tr>\n<td class=\"text-nowrap\">\u00a0<strong>Bater\u00eda<\/strong><\/td>\n<td>4832 mAh<\/td>\n<\/tr>\n<tr>\n<td class=\"text-nowrap\">\u00a0<strong>OS<\/strong><\/td>\n<td>iOS 26<\/td>\n<\/tr>\n<tr>\n<td class=\"text-nowrap\">\u00a0<strong>Perfil<\/strong><\/td>\n<td>8.8 mm<\/td>\n<\/tr>\n<\/tbody>\n<\/table>\n","protected":false},"excerpt":{"rendered":"<p>El\u00a0Apple iPhone 17 Pro Max se renueva con una pantalla OLED LTPO de 6.9 pulgadas con 120Hz de refresco y el procesador Apple A19 Pro con 12GB de RAM y 256GB de almacenamiento. Su c\u00e1mara posterior est\u00e1 compuesta de tres sensores de 48MP con estabilizaci\u00f3n \u00f3ptica y zoom \u00f3ptico 4x, y se alimenta de una &hellip;<\/p>\n<p class=\"read-more\"> <a class=\"\" href=\"https:\/\/cuyodigital.com\/cuyo\/producto\/apple-iphone-17-pro-max-256gb\/\"> <span class=\"screen-reader-text\">Apple iPhone 17 Pro Max 256GB<\/span> Leer m\u00e1s \u00bb<\/a><\/p>\n","protected":false},"featured_media":10690,"comment_status":"open","ping_status":"closed","template":"","meta":[],"product_cat":[91,97,152,15],"product_tag":[],"acf":[],"_links":{"self":[{"href":"https:\/\/cuyodigital.com\/cuyo\/wp-json\/wp\/v2\/product\/10689"}],"collection":[{"href":"https:\/\/cuyodigital.com\/cuyo\/wp-json\/wp\/v2\/product"}],"about":[{"href":"https:\/\/cuyodigital.com\/cuyo\/wp-json\/wp\/v2\/types\/product"}],"replies":[{"embeddable":true,"href":"https:\/\/cuyodigital.com\/cuyo\/wp-json\/wp\/v2\/comments?post=10689"}],"wp:featuredmedia":[{"embeddable":true,"href":"https:\/\/cuyodigital.com\/cuyo\/wp-json\/wp\/v2\/media\/10690"}],"wp:attachment":[{"href":"https:\/\/cuyodigital.com\/cuyo\/wp-json\/wp\/v2\/media?parent=10689"}],"wp:term":[{"taxonomy":"product_cat","embeddable":true,"href":"https:\/\/cuyodigital.com\/cuyo\/wp-json\/wp\/v2\/product_cat?post=10689"},{"taxonomy":"product_tag","embeddable":true,"href":"https:\/\/cuyodigital.com\/cuyo\/wp-json\/wp\/v2\/product_tag?post=10689"}],"curies":[{"name":"wp","href":"https:\/\/api.w.org\/{rel}","templated":true}]}}