{"id":10670,"date":"2025-09-16T18:08:02","date_gmt":"2025-09-16T18:08:02","guid":{"rendered":"https:\/\/cuyodigital.com\/cuyo\/?post_type=product&#038;p=10670"},"modified":"2026-05-05T14:07:29","modified_gmt":"2026-05-05T14:07:29","slug":"go-smart-ebike-350w","status":"publish","type":"product","link":"https:\/\/cuyodigital.com\/cuyo\/producto\/go-smart-ebike-350w\/","title":{"rendered":"Go Smart E-Bike 350W"},"content":{"rendered":"<p data-start=\"194\" data-end=\"471\">La <strong data-start=\"222\" data-end=\"236\">Bike<\/strong>\u00a0es la combinaci\u00f3n perfecta entre comodidad, dise\u00f1o y tecnolog\u00eda. Con su\u00a0<strong data-start=\"309\" data-end=\"340\">cuadro de aluminio plegable<\/strong>, un motor trasero de\u00a0<strong data-start=\"362\" data-end=\"370\">350W<\/strong>, y bater\u00eda extra\u00edble de\u00a0<strong data-start=\"395\" data-end=\"409\">36V 7,8 Ah<\/strong>, te ofrece hasta\u00a0<strong data-start=\"427\" data-end=\"449\">40 km de autonom\u00eda<\/strong>\u00a0con una sola carga.<\/p>\n<p data-start=\"473\" data-end=\"663\">Su dise\u00f1o pr\u00e1ctico permite plegarla en segundos y transportarla f\u00e1cilmente en el ba\u00fal del auto, ascensores o espacios reducidos. Ideal para moverte en la ciudad sin esfuerzo y sin tr\u00e1fico.<\/p>\n<p data-start=\"665\" data-end=\"866\">Con\u00a0<strong data-start=\"669\" data-end=\"705\">cambios Shimano de 7 velocidades<\/strong>,\u00a0<strong data-start=\"707\" data-end=\"741\">frenos a disco en ambas ruedas<\/strong>, y\u00a0<strong data-start=\"745\" data-end=\"769\">suspensi\u00f3n delantera<\/strong>, la Viken Bike te brinda seguridad, control y una experiencia de manejo suave en todo momento.<\/p>\n<p data-start=\"868\" data-end=\"1077\">Adem\u00e1s, cuenta con\u00a0<strong data-start=\"887\" data-end=\"906\">display digital<\/strong>,\u00a0<strong data-start=\"908\" data-end=\"931\">puerto USB de carga<\/strong>,\u00a0<strong data-start=\"933\" data-end=\"957\">luces LED delanteras<\/strong>, y capacidad de hasta\u00a0<strong data-start=\"980\" data-end=\"1001\">100 kg de usuario<\/strong>, convirti\u00e9ndola en una bicicleta el\u00e9ctrica moderna, confiable y vers\u00e1til.<\/p>\n<p data-start=\"1079\" data-end=\"1102\"><strong data-start=\"1079\" data-end=\"1100\">Beneficios clave:<\/strong><\/p>\n<ul data-start=\"1103\" data-end=\"1445\">\n<li data-start=\"1103\" data-end=\"1131\">\n<p data-start=\"1105\" data-end=\"1131\">\u2705\u00a0<strong data-start=\"1107\" data-end=\"1129\">Autonom\u00eda 30-40 km<\/strong><\/p>\n<\/li>\n<li data-start=\"1132\" data-end=\"1166\">\n<p data-start=\"1134\" data-end=\"1166\">\u2705\u00a0<strong data-start=\"1136\" data-end=\"1164\">Velocidad m\u00e1xima 25 km\/h<\/strong><\/p>\n<\/li>\n<li data-start=\"1167\" data-end=\"1198\">\n<p data-start=\"1169\" data-end=\"1198\">\u2705\u00a0<strong data-start=\"1171\" data-end=\"1196\">Motor potente de 350W<\/strong><\/p>\n<\/li>\n<li data-start=\"1199\" data-end=\"1241\">\n<p data-start=\"1201\" data-end=\"1241\">\u2705\u00a0<strong data-start=\"1203\" data-end=\"1239\">Cuadro plegable de aluminio<\/strong><\/p>\n<\/li>\n<\/ul>\n","protected":false},"excerpt":{"rendered":"<p>La Bike\u00a0es la combinaci\u00f3n perfecta entre comodidad, dise\u00f1o y tecnolog\u00eda. Con su\u00a0cuadro de aluminio plegable, un motor trasero de\u00a0350W, y bater\u00eda extra\u00edble de\u00a036V 7,8 Ah, te ofrece hasta\u00a040 km de autonom\u00eda\u00a0con una sola carga. Su dise\u00f1o pr\u00e1ctico permite plegarla en segundos y transportarla f\u00e1cilmente en el ba\u00fal del auto, ascensores o espacios reducidos. Ideal para &hellip;<\/p>\n<p class=\"read-more\"> <a class=\"\" href=\"https:\/\/cuyodigital.com\/cuyo\/producto\/go-smart-ebike-350w\/\"> <span class=\"screen-reader-text\">Go Smart E-Bike 350W<\/span> Leer m\u00e1s \u00bb<\/a><\/p>\n","protected":false},"featured_media":10672,"comment_status":"open","ping_status":"closed","template":"","meta":[],"product_cat":[113,15],"product_tag":[],"acf":[],"_links":{"self":[{"href":"https:\/\/cuyodigital.com\/cuyo\/wp-json\/wp\/v2\/product\/10670"}],"collection":[{"href":"https:\/\/cuyodigital.com\/cuyo\/wp-json\/wp\/v2\/product"}],"about":[{"href":"https:\/\/cuyodigital.com\/cuyo\/wp-json\/wp\/v2\/types\/product"}],"replies":[{"embeddable":true,"href":"https:\/\/cuyodigital.com\/cuyo\/wp-json\/wp\/v2\/comments?post=10670"}],"wp:featuredmedia":[{"embeddable":true,"href":"https:\/\/cuyodigital.com\/cuyo\/wp-json\/wp\/v2\/media\/10672"}],"wp:attachment":[{"href":"https:\/\/cuyodigital.com\/cuyo\/wp-json\/wp\/v2\/media?parent=10670"}],"wp:term":[{"taxonomy":"product_cat","embeddable":true,"href":"https:\/\/cuyodigital.com\/cuyo\/wp-json\/wp\/v2\/product_cat?post=10670"},{"taxonomy":"product_tag","embeddable":true,"href":"https:\/\/cuyodigital.com\/cuyo\/wp-json\/wp\/v2\/product_tag?post=10670"}],"curies":[{"name":"wp","href":"https:\/\/api.w.org\/{rel}","templated":true}]}}