{"id":10529,"date":"2025-07-18T00:58:31","date_gmt":"2025-07-18T00:58:31","guid":{"rendered":"https:\/\/cuyodigital.com\/cuyo\/?post_type=product&#038;p=10529"},"modified":"2026-04-30T14:38:17","modified_gmt":"2026-04-30T14:38:17","slug":"samsung-s25-5g-256gb-12gb","status":"publish","type":"product","link":"https:\/\/cuyodigital.com\/cuyo\/producto\/samsung-s25-5g-256gb-12gb\/","title":{"rendered":"Samsung S25 5G 256GB \/ 12GB"},"content":{"rendered":"<div class=\"content\">\n<div>\n<div class=\"content\">\n<div class=\"sc-f6029393-5 jhPrir\">\n<div class=\"content\">\n<div class=\"sc-f6029393-5 kJJIBN\">\n<div class=\"content\">\n<div class=\"sc-f6029393-5 jhPrir\">\n<div class=\"content\">\n<div class=\"row\">\n<div class=\"col-md-6 col-xs-12\">\n<p>El\u00a0<strong>Samsung Galaxy S25<\/strong> <strong>5G<\/strong> cuenta con una pantalla Dynamic AMOLED 2X de 6.2 pulgadas con resoluci\u00f3n FHD+ y tasa de refresco de 120Hz. Potenciado por un procesador Snapdragon 8 Elite for Galaxy, el Galaxy S25 ahora tiene una \u00fanica variante con 12GB de RAM y 256GB de almacenamiento. La c\u00e1mara triple se repite este a\u00f1o, con un sensor principal de 50MP, un lente ultrawide de 12MP y una c\u00e1mara telefoto de 10MP con zoom 3x y la c\u00e1mara frontal es de 12MP. El Galaxy S25 se alimenta de una bater\u00eda de 4000 mAh con soporte para carga r\u00e1pida, y completa sus caracter\u00edsticas con parlantes stereo, lector de huellas bajo la pantalla, protecci\u00f3n contra polvo y agua y Android 15.<\/p>\n<\/div>\n<\/div>\n<\/div>\n<\/div>\n<\/div>\n<\/div>\n<\/div>\n<\/div>\n<\/div>\n<\/div>\n<div>\n<h2>Ficha t\u00e9cnica<\/h2>\n<table class=\"table table-striped\">\n<tbody>\n<tr>\n<td class=\"text-nowrap\">\u00a0<strong>Pantalla<\/strong><\/td>\n<td>6.2&#8243;, 1080 x 2340 pixels<\/td>\n<\/tr>\n<tr>\n<td class=\"text-nowrap\">\u00a0<strong>Procesador<\/strong><\/td>\n<td>Snapdragon 8 Elite for Galaxy 4.47GHz<\/td>\n<\/tr>\n<tr>\n<td class=\"text-nowrap\">\u00a0<strong>Memoria RAM<\/strong><\/td>\n<td>12GB<\/td>\n<\/tr>\n<tr>\n<td class=\"text-nowrap\">\u00a0<strong>Almacenamiento<\/strong><\/td>\n<td>256GB<\/td>\n<\/tr>\n<tr>\n<td class=\"text-nowrap\">\u00a0<strong>Expansi\u00f3n<\/strong><\/td>\n<td>sin microSD<\/td>\n<\/tr>\n<tr>\n<td class=\"text-nowrap\">\u00a0<strong>C\u00e1mara<\/strong><\/td>\n<td>Triple, 50MP+12MP +10MP<\/td>\n<\/tr>\n<tr>\n<td class=\"text-nowrap\">\u00a0<strong>Bater\u00eda<\/strong><\/td>\n<td>4000 mAh<\/td>\n<\/tr>\n<tr>\n<td class=\"text-nowrap\">\u00a0<strong>OS<\/strong><\/td>\n<td>Android 15<\/td>\n<\/tr>\n<tr>\n<td class=\"text-nowrap\">\u00a0<strong>Actualizaciones OS<\/strong><\/td>\n<td>7 actualizaciones mayores de OS<\/td>\n<\/tr>\n<tr>\n<td class=\"text-nowrap\">\u00a0<strong>Soporte<\/strong><\/td>\n<td>7 a\u00f1os<\/td>\n<\/tr>\n<tr>\n<td class=\"text-nowrap\">\u00a0<strong>Perfil<\/strong><\/td>\n<td>7.2 mm<\/td>\n<\/tr>\n<tr>\n<td class=\"text-nowrap\">\u00a0<strong>Peso<\/strong><\/td>\n<td>162 g<\/td>\n<\/tr>\n<\/tbody>\n<\/table>\n<\/div>\n<\/div>\n","protected":false},"excerpt":{"rendered":"<p>El\u00a0Samsung Galaxy S25 5G cuenta con una pantalla Dynamic AMOLED 2X de 6.2 pulgadas con resoluci\u00f3n FHD+ y tasa de refresco de 120Hz. Potenciado por un procesador Snapdragon 8 Elite for Galaxy, el Galaxy S25 ahora tiene una \u00fanica variante con 12GB de RAM y 256GB de almacenamiento. La c\u00e1mara triple se repite este a\u00f1o, &hellip;<\/p>\n<p class=\"read-more\"> <a class=\"\" href=\"https:\/\/cuyodigital.com\/cuyo\/producto\/samsung-s25-5g-256gb-12gb\/\"> <span class=\"screen-reader-text\">Samsung S25 5G 256GB \/ 12GB<\/span> Leer m\u00e1s \u00bb<\/a><\/p>\n","protected":false},"featured_media":10255,"comment_status":"open","ping_status":"closed","template":"","meta":[],"product_cat":[91,153],"product_tag":[],"acf":[],"_links":{"self":[{"href":"https:\/\/cuyodigital.com\/cuyo\/wp-json\/wp\/v2\/product\/10529"}],"collection":[{"href":"https:\/\/cuyodigital.com\/cuyo\/wp-json\/wp\/v2\/product"}],"about":[{"href":"https:\/\/cuyodigital.com\/cuyo\/wp-json\/wp\/v2\/types\/product"}],"replies":[{"embeddable":true,"href":"https:\/\/cuyodigital.com\/cuyo\/wp-json\/wp\/v2\/comments?post=10529"}],"wp:featuredmedia":[{"embeddable":true,"href":"https:\/\/cuyodigital.com\/cuyo\/wp-json\/wp\/v2\/media\/10255"}],"wp:attachment":[{"href":"https:\/\/cuyodigital.com\/cuyo\/wp-json\/wp\/v2\/media?parent=10529"}],"wp:term":[{"taxonomy":"product_cat","embeddable":true,"href":"https:\/\/cuyodigital.com\/cuyo\/wp-json\/wp\/v2\/product_cat?post=10529"},{"taxonomy":"product_tag","embeddable":true,"href":"https:\/\/cuyodigital.com\/cuyo\/wp-json\/wp\/v2\/product_tag?post=10529"}],"curies":[{"name":"wp","href":"https:\/\/api.w.org\/{rel}","templated":true}]}}