{"id":10429,"date":"2025-05-17T16:20:12","date_gmt":"2025-05-17T16:20:12","guid":{"rendered":"https:\/\/cuyodigital.com\/cuyo\/?post_type=product&#038;p=10429"},"modified":"2026-03-27T15:01:50","modified_gmt":"2026-03-27T15:01:50","slug":"redmi-note-14-5g-256gb-8gb","status":"publish","type":"product","link":"https:\/\/cuyodigital.com\/cuyo\/producto\/redmi-note-14-5g-256gb-8gb\/","title":{"rendered":"Redmi Note 14 5G 256GB 8GB"},"content":{"rendered":"<p>El\u00a0<strong>Xiaomi Redmi Note 14 5G<\/strong> cuenta con una pantalla AMOLED de 6.67 pulgadas con tasa de refresco de 120Hz y est\u00e1 potenciado por un procesador Mediatek Helio G99 Ultra con 8GB de RAM y 256GB de almacenamiento. Su c\u00e1mara triple tiene un sensor principal de 108MP, se alimenta de una bater\u00eda de 5500 mAh de carga r\u00e1pida, tiene parlantes duales, lector de huellas y resiste salpicaduras de agua.<\/p>\n<h2>Ficha t\u00e9cnica<\/h2>\n<table class=\"table table-striped\">\n<tbody>\n<tr>\n<td class=\"text-nowrap\">\u00a0<strong>Pantalla<\/strong><\/td>\n<td>6.67&#8243;, 1080 x 2400 pixels<\/td>\n<\/tr>\n<tr>\n<td class=\"text-nowrap\">\u00a0<strong>Procesador<\/strong><\/td>\n<td>Mediatek Helio G99 Ultra 2.2GHz<\/td>\n<\/tr>\n<tr>\n<td class=\"text-nowrap\">\u00a0<strong>Memoria RAM<\/strong><\/td>\n<td>8GB<\/td>\n<\/tr>\n<tr>\n<td class=\"text-nowrap\">\u00a0<strong>Almacenamiento<\/strong><\/td>\n<td>256GB<\/td>\n<\/tr>\n<tr>\n<td class=\"text-nowrap\">\u00a0<strong>Expansi\u00f3n<\/strong><\/td>\n<td>microSD<\/td>\n<\/tr>\n<tr>\n<td class=\"text-nowrap\">\u00a0<strong>C\u00e1mara<\/strong><\/td>\n<td>Triple, 108MP+2MP +2MP<\/td>\n<\/tr>\n<tr>\n<td class=\"text-nowrap\">\u00a0<strong>Bater\u00eda<\/strong><\/td>\n<td>5500 mAh<\/td>\n<\/tr>\n<tr>\n<td class=\"text-nowrap\">\u00a0<strong>OS<\/strong><\/td>\n<td>Android 14<\/td>\n<\/tr>\n<tr>\n<td class=\"text-nowrap\">\u00a0<strong>Perfil<\/strong><\/td>\n<td>8.2 mm<\/td>\n<\/tr>\n<tr>\n<td class=\"text-nowrap\">\u00a0<strong>Peso<\/strong><\/td>\n<td>197 g<\/td>\n<\/tr>\n<\/tbody>\n<\/table>\n<p>&nbsp;<\/p>\n","protected":false},"excerpt":{"rendered":"<p>El\u00a0Xiaomi Redmi Note 14 5G cuenta con una pantalla AMOLED de 6.67 pulgadas con tasa de refresco de 120Hz y est\u00e1 potenciado por un procesador Mediatek Helio G99 Ultra con 8GB de RAM y 256GB de almacenamiento. Su c\u00e1mara triple tiene un sensor principal de 108MP, se alimenta de una bater\u00eda de 5500 mAh de &hellip;<\/p>\n<p class=\"read-more\"> <a class=\"\" href=\"https:\/\/cuyodigital.com\/cuyo\/producto\/redmi-note-14-5g-256gb-8gb\/\"> <span class=\"screen-reader-text\">Redmi Note 14 5G 256GB 8GB<\/span> Leer m\u00e1s \u00bb<\/a><\/p>\n","protected":false},"featured_media":10184,"comment_status":"open","ping_status":"closed","template":"","meta":[],"product_cat":[91,99,15],"product_tag":[],"acf":[],"_links":{"self":[{"href":"https:\/\/cuyodigital.com\/cuyo\/wp-json\/wp\/v2\/product\/10429"}],"collection":[{"href":"https:\/\/cuyodigital.com\/cuyo\/wp-json\/wp\/v2\/product"}],"about":[{"href":"https:\/\/cuyodigital.com\/cuyo\/wp-json\/wp\/v2\/types\/product"}],"replies":[{"embeddable":true,"href":"https:\/\/cuyodigital.com\/cuyo\/wp-json\/wp\/v2\/comments?post=10429"}],"wp:featuredmedia":[{"embeddable":true,"href":"https:\/\/cuyodigital.com\/cuyo\/wp-json\/wp\/v2\/media\/10184"}],"wp:attachment":[{"href":"https:\/\/cuyodigital.com\/cuyo\/wp-json\/wp\/v2\/media?parent=10429"}],"wp:term":[{"taxonomy":"product_cat","embeddable":true,"href":"https:\/\/cuyodigital.com\/cuyo\/wp-json\/wp\/v2\/product_cat?post=10429"},{"taxonomy":"product_tag","embeddable":true,"href":"https:\/\/cuyodigital.com\/cuyo\/wp-json\/wp\/v2\/product_tag?post=10429"}],"curies":[{"name":"wp","href":"https:\/\/api.w.org\/{rel}","templated":true}]}}